ommon factor of 496 and 18596528?
496
What is the highest common factor of 6019 and 325?
13
Calculate the highest common divisor of 602 and 9425213.
301
Calculate the highest common divisor of 2028553 and 626.
313
Calculate the greatest common divisor of 192 and 154304.
64
Calculate the highest common divisor of 67560 and 470.
10
Calculate the highest common divisor of 559 and 4706.
13
What is the greatest common factor of 386 and 25090?
386
What is the highest common divisor of 13468 and 73528?
364
Calculate the highest common divisor of 4235727 and 57.
57
Calculate the greatest common factor of 86 and 116874.
86
Calculate the highest common factor of 136 and 39814.
34
Calculate the greatest common divisor of 8748 and 216.
108
What is the greatest common divisor of 222768 and 38064?
624
Calculate the greatest common divisor of 88 and 6292.
44
Calculate the highest common divisor of 52515 and 405.
135
Calculate the highest common factor of 19459 and 2871.
319
Calculate the greatest common divisor of 44 and 7883678.
22
What is the highest common divisor of 1598490 and 15?
15
Calculate the highest common divisor of 260 and 26130.
130
Calculate the highest common divisor of 474490 and 138.
46
Calculate the greatest common divisor of 18484 and 20.
4
Calculate the greatest common divisor of 1720685 and 5895.
655
Calculate the greatest common factor of 144 and 4068.
36
Calculate the highest common divisor of 2275 and 1775865.
455
Calculate the highest common factor of 303886 and 418.
418
What is the greatest common divisor of 14 and 384202?
14
What is the greatest common divisor of 3538249 and 143?
143
Calculate the highest common factor of 61400 and 1600.
200
What is the greatest common divisor of 1 and 8101?
1
Calculate the highest common divisor of 1575 and 505890.
315
Calculate the greatest common divisor of 1639469 and 104.
13
What is the highest common divisor of 755 and 23556?
151
What is the highest common divisor of 29491 and 5621?
77
Calculate the highest common divisor of 315 and 160146.
63
Calculate the highest common divisor of 202 and 77669.
101
What is the highest common factor of 1 and 6529?
1
Calculate the greatest common divisor of 42 and 1188530.
14
What is the highest common factor of 69 and 3013?
23
What is the greatest common factor of 46 and 657317?
23
What is the greatest common factor of 238623 and 231?
231
What is the highest common divisor of 75 and 1467?
3
What is the highest common factor of 3876 and 12444?
204
What is the highest common factor of 11760 and 7014?
42
Calculate the highest common divisor of 23851 and 2599.
23
Calculate the greatest common divisor of 71759 and 219.
73
Calculate the highest common factor of 171780 and 140.
140
Calculate the greatest common divisor of 2968 and 208608.
424
Calculate the greatest common divisor of 576 and 36160.
64
Calculate the highest common factor of 111125 and 4699.
127
Calculate the highest common divisor of 335570 and 6210.
230
Calculate the greatest common factor of 322 and 19090.
46
Calculate the greatest common divisor of 64539 and 22365.
639
Calculate the highest common divisor of 104041 and 1336.
167
What is the greatest common divisor of 672 and 28464?
48
Calculate the highest common factor of 58 and 30363.
29
What is the highest common factor of 83687 and 1961?
53
Calculate the greatest common divisor of 5850 and 450900.
450
What is the greatest common factor of 232 and 295336?
232
Calculate the greatest common divisor of 6385 and 4644449.
1277
Calculate the highest common divisor of 10189 and 138.
23
What is the highest common factor of 1065700 and 25?
25
Calculate the highest common divisor of 56876 and 2596.
236
Calculate the highest common factor of 4880 and 14945.
305
Calculate the greatest common factor of 91 and 28223.
13
What is the greatest common factor of 820063 and 85?
17
Calculate the highest common divisor of 55688 and 32.
8
What is the greatest common factor of 1159651 and 218?
109
Calculate the highest common divisor of 3172 and 373412.
52
Calculate the highest common factor of 2268 and 84.
84
What is the greatest common factor of 899266 and 68?
34
What is the highest common divisor of 15876 and 15462?
18
What is the highest common divisor of 939362 and 2363?
139
Calculate the highest common factor of 3567 and 928.
29
Calculate the greatest common factor of 3195 and 440.
5
What is the greatest common divisor of 226817 and 2?
1
What is the highest common divisor of 372 and 1200?
12
What is the greatest common factor of 5604 and 84?
12
What is the highest common factor of 1517 and 744847?
1517
Calculate the greatest common factor of 11628 and 54.
18
Calculate the highest common divisor of 133 and 16891.
133
Calculate the greatest common factor of 2064 and 305343.
129
Calculate the highest common divisor of 119 and 2727.
1
What is the greatest common divisor of 685 and 203993?
137
What is the greatest common divisor of 4064620 and 35?
35
Calculate the greatest common divisor of 22 and 1953886.
22
Calculate the highest common divisor of 78498 and 8811.
801
Calculate the greatest common divisor of 360787 and 61642.
1813
What is the highest common factor of 9714 and 3174?
6
What is the highest common divisor of 1100 and 5852?
44
Calculate the greatest common factor of 63551 and 2060.
103
What is the highest common factor of 37 and 10119611?
37
Calculate the greatest common factor of 136 and 97138.
34
Calculate the greatest common divisor of 512 and 5296.
16
Calculate the highest common factor of 353600 and 80.
80
Calculate the greatest common factor of 1312 and 7.
1
Calculate the greatest common factor of 14119854 and 42.
42
Calculate the highest common divisor of 180 and 574632.
36
What is the highest common factor of 1848 and 1272?
24
What is the greatest common factor of 624304 and 80?
16
Calculate the highest common divisor of 3404 and 688459.
851
Calculate the greatest common factor of 177 and 102.
3
What is the greatest common divisor of 15326 and 2?
2
What is the greatest common factor of 7685 and 1450?
145
What is the greatest common factor of 6650 and 10000?
50
Calculate the greatest common factor of 7175 and 2135.
35
Calculate the greatest common factor of 184 and 19849.
23
Calculate the greatest common factor of 47859 and 63.
21
What is the greatest common factor of 18755 and 21824?
341
What is the highest common divisor of 916011 and 306?
153
Calculate the greatest common factor of 9220517 and 263.
263
What is the highest common factor of 256906 and 338?
26
Calculate the greatest common divisor of 8 and 464872.
8
Calculate the highest common factor of 213752 and 1144.
88
Calculate the highest common factor of 18918 and 3258.
18
What is the greatest common factor of 84434 and 148?
74
Calculate the greatest common divisor of 6741 and 63.
63
What is the highest common factor of 1235948 and 37?
37
Calculate the highest common divisor of 2388 and 19303.
199
What is the highest common factor of 104380 and 8?
4
What is the highest common factor of 218 and 1217639?
109
Calculate the highest common factor of 3995 and 254035.
235
Calculate the greatest common divisor of 35775 and 41605.
265
What is the highest common divisor of 49995 and 30?
15
Calculate the greatest common divisor of 88 and 24344.
8
Calculate the highest common divisor of 1032 and 16770.
258
What is the greatest common factor of 3332 and 34000?
68
What is the greatest common factor of 5865 and 1197225?
255
Calculate the greatest common divisor of 306162 and 292.
146
Calculate the highest common divisor of 406 and 301154.
14
Calculate the highest common divisor of 9948 and 192.
12
What is the greatest common factor of 467 and 363?
1
Calculate the greatest common divisor of 49501 and 236.
59
What is the highest common divisor of 3953 and 33158?
59
What is the highest common factor of 1304 and 824?
8
What is the greatest common divisor of 594 and 31086?
198
What is the greatest common factor of 170452 and 1204?
172
Calculate the greatest common factor of 572 and 73832.
44
Calculate the highest common divisor of 218 and 8175.
109
Calculate the highest common divisor of 22 and 215380.
22
What is the highest common divisor of 432 and 3462?
6
What is the highest common divisor of 670830 